{"id":16075,"date":"2026-02-06T04:33:51","date_gmt":"2026-02-06T04:33:51","guid":{"rendered":"https:\/\/libreriaelprincipito.com\/?post_type=product&#038;p=16075"},"modified":"2026-02-20T15:17:15","modified_gmt":"2026-02-20T15:17:15","slug":"aventuras-hotel-sabueso-el-temerario-teo","status":"publish","type":"product","link":"https:\/\/libreriaelprincipito.com\/?product=aventuras-hotel-sabueso-el-temerario-teo","title":{"rendered":"Aventuras hotel sabueso el temerario teo"},"content":{"rendered":"<p>Es un tormentoso y oscuro d\u00eda en el Hotel Sabueso, y los mellizos Alfi y Alfreda se sienten un poco nerviosos. Para peor, los estruendos de los rel\u00e1mpagos hacen que uno de los hu\u00e9spedes, Teo, el beagle, a\u00falle como loco. \u00a1No solo sus aullidos son molestos, sino que tambi\u00e9n asustan a los otros perros! \u00bfQu\u00e9 mellizo podr\u00e1 ser lo suficientemente valiente para tranquilizar a Teo?<\/p>\n<p>&nbsp;<\/p>\n<p>DETALLES DEL PRODUCTO<\/p>\n<p>ISBS: 9789974904491<\/p>\n<p>ISBN: 106008313<\/p>\n<p>P\u00e1ginas: 80 p\u00e1ginas<\/p>\n<p>Tama\u00f1o: 14 x 20 cm. Tapa de cartulina con emboss y spot uv. R\u00fastica.<\/p>\n","protected":false},"excerpt":{"rendered":"<p>Es un tormentoso y oscuro d\u00eda en el Hotel Sabueso, y los mellizos Alfi y Alfreda se sienten un poco nerviosos. Para peor, los estruendos de los rel\u00e1mpagos hacen que uno de los hu\u00e9spedes, Teo, el beagle, a\u00falle como loco. \u00a1No solo sus aullidos son molestos, sino que tambi\u00e9n asustan a los otros perros! \u00bfQu\u00e9 mellizo podr\u00e1 ser lo suficientemente valiente para tranquilizar a Teo?<\/p>\n<p>&nbsp;<\/p>\n","protected":false},"featured_media":18941,"comment_status":"open","ping_status":"closed","template":"","meta":[],"product_brand":[],"product_cat":[81],"product_tag":[],"class_list":{"0":"post-16075","1":"product","2":"type-product","3":"status-publish","4":"has-post-thumbnail","6":"product_cat-plan-lector","8":"first","9":"instock","10":"shipping-taxable","11":"purchasable","12":"product-type-simple"},"jetpack_sharing_enabled":true,"_links":{"self":[{"href":"https:\/\/libreriaelprincipito.com\/index.php?rest_route=\/wp\/v2\/product\/16075","targetHints":{"allow":["GET"]}}],"collection":[{"href":"https:\/\/libreriaelprincipito.com\/index.php?rest_route=\/wp\/v2\/product"}],"about":[{"href":"https:\/\/libreriaelprincipito.com\/index.php?rest_route=\/wp\/v2\/types\/product"}],"replies":[{"embeddable":true,"href":"https:\/\/libreriaelprincipito.com\/index.php?rest_route=%2Fwp%2Fv2%2Fcomments&post=16075"}],"version-history":[{"count":1,"href":"https:\/\/libreriaelprincipito.com\/index.php?rest_route=\/wp\/v2\/product\/16075\/revisions"}],"predecessor-version":[{"id":16117,"href":"https:\/\/libreriaelprincipito.com\/index.php?rest_route=\/wp\/v2\/product\/16075\/revisions\/16117"}],"wp:featuredmedia":[{"embeddable":true,"href":"https:\/\/libreriaelprincipito.com\/index.php?rest_route=\/wp\/v2\/media\/18941"}],"wp:attachment":[{"href":"https:\/\/libreriaelprincipito.com\/index.php?rest_route=%2Fwp%2Fv2%2Fmedia&parent=16075"}],"wp:term":[{"taxonomy":"product_brand","embeddable":true,"href":"https:\/\/libreriaelprincipito.com\/index.php?rest_route=%2Fwp%2Fv2%2Fproduct_brand&post=16075"},{"taxonomy":"product_cat","embeddable":true,"href":"https:\/\/libreriaelprincipito.com\/index.php?rest_route=%2Fwp%2Fv2%2Fproduct_cat&post=16075"},{"taxonomy":"product_tag","embeddable":true,"href":"https:\/\/libreriaelprincipito.com\/index.php?rest_route=%2Fwp%2Fv2%2Fproduct_tag&post=16075"}],"curies":[{"name":"wp","href":"https:\/\/api.w.org\/{rel}","templated":true}]}}