{"id":16076,"date":"2026-02-06T04:33:51","date_gmt":"2026-02-06T04:33:51","guid":{"rendered":"https:\/\/libreriaelprincipito.com\/?post_type=product&#038;p=16076"},"modified":"2026-02-12T20:13:06","modified_gmt":"2026-02-12T20:13:06","slug":"aventuras-hotel-sabueso-la-grunona-greta","status":"publish","type":"product","link":"https:\/\/libreriaelprincipito.com\/?product=aventuras-hotel-sabueso-la-grunona-greta","title":{"rendered":"Aventuras hotel sabueso la gru\u00f1ona greta"},"content":{"rendered":"<p>\u00a1El Hotel Sabueso est\u00e1 lleno! Alfi, Alfreda y su mam\u00e1 tienen que trabajar como perros para mantener un buen ritmo. Cuando el t\u00edo Roberto aparece con Mora, una perra campeona en atrapar el frisbee, Alfi ve su oportunidad para finalmente poder divertirse. Pero la \u201chermana\u201d de Mora, Greta, es una golden retriever gru\u00f1ona. No quiere que nadie se acerque a su manada, \u00a1y no se detendr\u00e1 ante nada para mantener alejado a Alfi!<\/p>\n<p>&nbsp;<\/p>\n<p>DETALLES DEL PRODUCTO<\/p>\n<p>ISBS: 9789974904507<\/p>\n<p>ISBN: 106008314<\/p>\n<p>P\u00e1ginas: 80 p\u00e1ginas<\/p>\n<p>Tama\u00f1o: 14 x 20 cm. Tapa de cartulina con emboss y spot uv. R\u00fastica.<\/p>\n","protected":false},"excerpt":{"rendered":"<p>\u00a1El Hotel Sabueso est\u00e1 lleno! Alfi, Alfreda y su mam\u00e1 tienen que trabajar como perros para mantener un buen ritmo. Cuando el t\u00edo Roberto aparece con Mora, una perra campeona en atrapar el frisbee, Alfi ve su oportunidad para finalmente poder divertirse. Pero la \u201chermana\u201d de Mora, Greta, es una golden retriever gru\u00f1ona. No quiere que nadie se acerque a su manada, \u00a1y no se detendr\u00e1 ante nada para mantener alejado a Alfi!<\/p>\n<p>&nbsp;<\/p>\n<p>&nbsp;<\/p>\n","protected":false},"featured_media":18414,"comment_status":"open","ping_status":"closed","template":"","meta":[],"product_brand":[],"product_cat":[81],"product_tag":[],"class_list":{"0":"post-16076","1":"product","2":"type-product","3":"status-publish","4":"has-post-thumbnail","6":"product_cat-plan-lector","8":"first","9":"instock","10":"shipping-taxable","11":"purchasable","12":"product-type-simple"},"jetpack_sharing_enabled":true,"_links":{"self":[{"href":"https:\/\/libreriaelprincipito.com\/index.php?rest_route=\/wp\/v2\/product\/16076","targetHints":{"allow":["GET"]}}],"collection":[{"href":"https:\/\/libreriaelprincipito.com\/index.php?rest_route=\/wp\/v2\/product"}],"about":[{"href":"https:\/\/libreriaelprincipito.com\/index.php?rest_route=\/wp\/v2\/types\/product"}],"replies":[{"embeddable":true,"href":"https:\/\/libreriaelprincipito.com\/index.php?rest_route=%2Fwp%2Fv2%2Fcomments&post=16076"}],"version-history":[{"count":2,"href":"https:\/\/libreriaelprincipito.com\/index.php?rest_route=\/wp\/v2\/product\/16076\/revisions"}],"predecessor-version":[{"id":18413,"href":"https:\/\/libreriaelprincipito.com\/index.php?rest_route=\/wp\/v2\/product\/16076\/revisions\/18413"}],"wp:featuredmedia":[{"embeddable":true,"href":"https:\/\/libreriaelprincipito.com\/index.php?rest_route=\/wp\/v2\/media\/18414"}],"wp:attachment":[{"href":"https:\/\/libreriaelprincipito.com\/index.php?rest_route=%2Fwp%2Fv2%2Fmedia&parent=16076"}],"wp:term":[{"taxonomy":"product_brand","embeddable":true,"href":"https:\/\/libreriaelprincipito.com\/index.php?rest_route=%2Fwp%2Fv2%2Fproduct_brand&post=16076"},{"taxonomy":"product_cat","embeddable":true,"href":"https:\/\/libreriaelprincipito.com\/index.php?rest_route=%2Fwp%2Fv2%2Fproduct_cat&post=16076"},{"taxonomy":"product_tag","embeddable":true,"href":"https:\/\/libreriaelprincipito.com\/index.php?rest_route=%2Fwp%2Fv2%2Fproduct_tag&post=16076"}],"curies":[{"name":"wp","href":"https:\/\/api.w.org\/{rel}","templated":true}]}}