{"id":16222,"date":"2026-02-06T04:34:38","date_gmt":"2026-02-06T04:34:38","guid":{"rendered":"https:\/\/libreriaelprincipito.com\/?post_type=product&#038;p=16222"},"modified":"2026-02-17T16:19:06","modified_gmt":"2026-02-17T16:19:06","slug":"pixel-arte-rojo","status":"publish","type":"product","link":"https:\/\/libreriaelprincipito.com\/?product=pixel-arte-rojo","title":{"rendered":"Pixel arte rojo"},"content":{"rendered":"<p>\u00a1Vamos a descubrir una nueva forma de pintar! Siguiendo el c\u00f3digo de n\u00famero y colores en cada cuadr\u00edcula realizar\u00e1s obras de arte pixeladas, \u00a1como las de los videojuegos! \u00bfcrees poder dibujar mejor que una computadora? \u00a1prepara tus l\u00e1pices y demu\u00e9stralo!<\/p>\n<p>&nbsp;<\/p>\n<p>DETALLES DEL PRODUCTO:<\/p>\n<p>ISBS: 9789915662336<\/p>\n<p>ISBN:<\/p>\n<p>P\u00e1ginas: 32 p\u00e1ginas<\/p>\n<p>Tama\u00f1o: formato 21 x 28 cm<\/p>\n","protected":false},"excerpt":{"rendered":"<p>\u00a1Vamos a decubrir una nueva forma de pintar! Siguiendo el c\u00f3digo de n\u00famero y colores en cada cuadr\u00edcula realizar\u00e1s obras de arte pixeladas, \u00a1como las de los videojuegos! \u00bfcrees poder dibujar mejor que una computadora? \u00a1prepara tus l\u00e1pices y demu\u00e9stralo!<\/p>\n","protected":false},"featured_media":18469,"comment_status":"open","ping_status":"closed","template":"","meta":[],"product_brand":[],"product_cat":[83,74],"product_tag":[],"class_list":{"0":"post-16222","1":"product","2":"type-product","3":"status-publish","4":"has-post-thumbnail","6":"product_cat-didacticos","7":"product_cat-infantil","9":"first","10":"instock","11":"shipping-taxable","12":"purchasable","13":"product-type-simple"},"jetpack_sharing_enabled":true,"_links":{"self":[{"href":"https:\/\/libreriaelprincipito.com\/index.php?rest_route=\/wp\/v2\/product\/16222","targetHints":{"allow":["GET"]}}],"collection":[{"href":"https:\/\/libreriaelprincipito.com\/index.php?rest_route=\/wp\/v2\/product"}],"about":[{"href":"https:\/\/libreriaelprincipito.com\/index.php?rest_route=\/wp\/v2\/types\/product"}],"replies":[{"embeddable":true,"href":"https:\/\/libreriaelprincipito.com\/index.php?rest_route=%2Fwp%2Fv2%2Fcomments&post=16222"}],"version-history":[{"count":1,"href":"https:\/\/libreriaelprincipito.com\/index.php?rest_route=\/wp\/v2\/product\/16222\/revisions"}],"predecessor-version":[{"id":16257,"href":"https:\/\/libreriaelprincipito.com\/index.php?rest_route=\/wp\/v2\/product\/16222\/revisions\/16257"}],"wp:featuredmedia":[{"embeddable":true,"href":"https:\/\/libreriaelprincipito.com\/index.php?rest_route=\/wp\/v2\/media\/18469"}],"wp:attachment":[{"href":"https:\/\/libreriaelprincipito.com\/index.php?rest_route=%2Fwp%2Fv2%2Fmedia&parent=16222"}],"wp:term":[{"taxonomy":"product_brand","embeddable":true,"href":"https:\/\/libreriaelprincipito.com\/index.php?rest_route=%2Fwp%2Fv2%2Fproduct_brand&post=16222"},{"taxonomy":"product_cat","embeddable":true,"href":"https:\/\/libreriaelprincipito.com\/index.php?rest_route=%2Fwp%2Fv2%2Fproduct_cat&post=16222"},{"taxonomy":"product_tag","embeddable":true,"href":"https:\/\/libreriaelprincipito.com\/index.php?rest_route=%2Fwp%2Fv2%2Fproduct_tag&post=16222"}],"curies":[{"name":"wp","href":"https:\/\/api.w.org\/{rel}","templated":true}]}}