{"id":16309,"date":"2026-02-06T04:35:01","date_gmt":"2026-02-06T04:35:01","guid":{"rendered":"https:\/\/libreriaelprincipito.com\/?post_type=product&#038;p=16309"},"modified":"2026-02-17T17:03:51","modified_gmt":"2026-02-17T17:03:51","slug":"tierra-en-tonada-coleccion-colibri","status":"publish","type":"product","link":"https:\/\/libreriaelprincipito.com\/?product=tierra-en-tonada-coleccion-colibri","title":{"rendered":"Tierra en tonada &#8211; Colecci\u00f3n colibr\u00ed"},"content":{"rendered":"<p>Comunidades huitoto \u00b7 Afrodescendientes \u00b7 Palenquera \u00b7 Zen\u00fa<\/p>\n<p>Tierra en\u00b7tonada es una compilaci\u00f3n de cantos y relatos de algunas comunidades Huitoto, Afrodescendientes, Palenqueras y Zen\u00fa\u0301 en Colombia que se re\u00fanen alrededor del territorio, la siembra y esos frutos de la tierra que se dan tanto en el trabajo de la cosecha alimentaria como en la del esp\u00edritu y el legado.<\/p>\n<p>Esta es una celebraci\u00f3n del espacio rural y de la cercan\u00eda labrada dentro de las comunidades, as\u00ed como lo es de la memoria ancestral y popular, hilo que fortalece el tejido social de todas las comunidades con una ra\u00edz en com\u00fan. Esperamos que esta colecci\u00f3n de mensajes enviados al Colibr\u00ed resuene en el lector, para que juntos podamos recordar e imaginar otros mundos posibles.<\/p>\n<p>&nbsp;<\/p>\n<p>DETALLES DEL PRODUCTO:<\/p>\n<p>ISBS: 9789585690264<\/p>\n<p>P\u00e1ginas: 60 p\u00e1ginas.<\/p>\n<p>Tama\u00f1o: Formato 16 x23 cm<\/p>\n","protected":false},"excerpt":{"rendered":"<p>Comunidades huitoto \u00b7 Afrodescendientes \u00b7 Palenquera \u00b7 Zen\u00fa<\/p>\n<p>Tierra en\u00b7tonada es una compilaci\u00f3n de cantos y relatos de algunas comunidades Huitoto, Afrodescendientes, Palenqueras y Zen\u00fa\u0301 en Colombia que se re\u00fanen alrededor del territorio, la siembra y esos frutos de la tierra que se dan tanto en el trabajo de la cosecha alimentaria como en la del esp\u00edritu y el legado.<\/p>\n<p>Esta es una celebraci\u00f3n del espacio rural y de la cercan\u00eda labrada dentro de las comunidades, as\u00ed como lo es de la memoria ancestral y popular, hilo que fortalece el tejido social de todas las comunidades con una ra\u00edz en com\u00fan. Esperamos que esta colecci\u00f3n de mensajes enviados al Colibr\u00ed resuene en el lector, para que juntos podamos recordar e imaginar otros mundos posibles.<\/p>\n","protected":false},"featured_media":18492,"comment_status":"open","ping_status":"closed","template":"","meta":[],"product_brand":[],"product_cat":[74,75],"product_tag":[],"class_list":{"0":"post-16309","1":"product","2":"type-product","3":"status-publish","4":"has-post-thumbnail","6":"product_cat-infantil","7":"product_cat-literatura","9":"first","10":"instock","11":"shipping-taxable","12":"purchasable","13":"product-type-simple"},"jetpack_sharing_enabled":true,"_links":{"self":[{"href":"https:\/\/libreriaelprincipito.com\/index.php?rest_route=\/wp\/v2\/product\/16309","targetHints":{"allow":["GET"]}}],"collection":[{"href":"https:\/\/libreriaelprincipito.com\/index.php?rest_route=\/wp\/v2\/product"}],"about":[{"href":"https:\/\/libreriaelprincipito.com\/index.php?rest_route=\/wp\/v2\/types\/product"}],"replies":[{"embeddable":true,"href":"https:\/\/libreriaelprincipito.com\/index.php?rest_route=%2Fwp%2Fv2%2Fcomments&post=16309"}],"version-history":[{"count":1,"href":"https:\/\/libreriaelprincipito.com\/index.php?rest_route=\/wp\/v2\/product\/16309\/revisions"}],"predecessor-version":[{"id":16352,"href":"https:\/\/libreriaelprincipito.com\/index.php?rest_route=\/wp\/v2\/product\/16309\/revisions\/16352"}],"wp:featuredmedia":[{"embeddable":true,"href":"https:\/\/libreriaelprincipito.com\/index.php?rest_route=\/wp\/v2\/media\/18492"}],"wp:attachment":[{"href":"https:\/\/libreriaelprincipito.com\/index.php?rest_route=%2Fwp%2Fv2%2Fmedia&parent=16309"}],"wp:term":[{"taxonomy":"product_brand","embeddable":true,"href":"https:\/\/libreriaelprincipito.com\/index.php?rest_route=%2Fwp%2Fv2%2Fproduct_brand&post=16309"},{"taxonomy":"product_cat","embeddable":true,"href":"https:\/\/libreriaelprincipito.com\/index.php?rest_route=%2Fwp%2Fv2%2Fproduct_cat&post=16309"},{"taxonomy":"product_tag","embeddable":true,"href":"https:\/\/libreriaelprincipito.com\/index.php?rest_route=%2Fwp%2Fv2%2Fproduct_tag&post=16309"}],"curies":[{"name":"wp","href":"https:\/\/api.w.org\/{rel}","templated":true}]}}