{"id":16389,"date":"2026-02-06T04:35:21","date_gmt":"2026-02-06T04:35:21","guid":{"rendered":"https:\/\/libreriaelprincipito.com\/?post_type=product&#038;p=16389"},"modified":"2026-02-17T18:26:57","modified_gmt":"2026-02-17T18:26:57","slug":"federico-garcia-lorca-poemas-nivel-3","status":"publish","type":"product","link":"https:\/\/libreriaelprincipito.com\/?product=federico-garcia-lorca-poemas-nivel-3","title":{"rendered":"FEDERICO GARCIA LORCA-POEMAS NIVEL 3"},"content":{"rendered":"<p>Este grand\u00edsimo poeta y dramaturgo naci\u00f3 en Fuente Vaqueros (Granada) en 1898 y muri\u00f3 en 1936, asesinado por militares sublevados. Estudi\u00f3 piano, Filosof\u00eda y Letras y Derecho en Granada, y luego en Madrid en la Residencia de Estudiantes, donde conoci\u00f3 a muchos poetas y se hizo amigo de Bu\u00f1uel y Dal\u00ed. Adem\u00e1s de sus obras de teatro, escribi\u00f3 much\u00edsima poes\u00eda, llena de musicalidad y de sorprendentes im\u00e1genes. Este libro ofrece al lector una selecci\u00f3n de algunos de sus poemas extra\u00eddos de distintos libros, que muestran la magia que imprim\u00eda a cada una de sus obras.<\/p>\n<p>&nbsp;<\/p>\n<p>DETALLES DEL PRODUCTO:<\/p>\n<p>ISBS: 9788467758023<\/p>\n<p>C\u00f3digo: 273086<\/p>\n<p>P\u00e1ginas: 72 p\u00e1ginas.<\/p>\n<p>Tama\u00f1o: Formato 13,7 x 20,3. Carton\u00e9 con cubierta plastificada mate y brillo<\/p>\n","protected":false},"excerpt":{"rendered":"<p>Este grand\u00edsimo poeta y dramaturgo naci\u00f3 en Fuente Vaqueros (Granada) en 1898 y muri\u00f3 en 1936, asesinado por militares sublevados. Estudi\u00f3 piano, Filosof\u00eda y Letras y Derecho en Granada, y luego en Madrid en la Residencia de Estudiantes, donde conoci\u00f3 a muchos poetas y se hizo amigo de Bu\u00f1uel y Dal\u00ed. Adem\u00e1s de sus obras de teatro, escribi\u00f3 much\u00edsima poes\u00eda, llena de musicalidad y de sorprendentes im\u00e1genes. Este libro ofrece al lector una selecci\u00f3n de algunos de sus poemas extra\u00eddos de distintos libros, que muestran la magia que imprim\u00eda a cada una de sus obras.<\/p>\n","protected":false},"featured_media":18521,"comment_status":"open","ping_status":"closed","template":"","meta":[],"product_brand":[],"product_cat":[74,81],"product_tag":[],"class_list":{"0":"post-16389","1":"product","2":"type-product","3":"status-publish","4":"has-post-thumbnail","6":"product_cat-infantil","7":"product_cat-plan-lector","9":"first","10":"instock","11":"shipping-taxable","12":"purchasable","13":"product-type-simple"},"jetpack_sharing_enabled":true,"_links":{"self":[{"href":"https:\/\/libreriaelprincipito.com\/index.php?rest_route=\/wp\/v2\/product\/16389","targetHints":{"allow":["GET"]}}],"collection":[{"href":"https:\/\/libreriaelprincipito.com\/index.php?rest_route=\/wp\/v2\/product"}],"about":[{"href":"https:\/\/libreriaelprincipito.com\/index.php?rest_route=\/wp\/v2\/types\/product"}],"replies":[{"embeddable":true,"href":"https:\/\/libreriaelprincipito.com\/index.php?rest_route=%2Fwp%2Fv2%2Fcomments&post=16389"}],"version-history":[{"count":1,"href":"https:\/\/libreriaelprincipito.com\/index.php?rest_route=\/wp\/v2\/product\/16389\/revisions"}],"predecessor-version":[{"id":16422,"href":"https:\/\/libreriaelprincipito.com\/index.php?rest_route=\/wp\/v2\/product\/16389\/revisions\/16422"}],"wp:featuredmedia":[{"embeddable":true,"href":"https:\/\/libreriaelprincipito.com\/index.php?rest_route=\/wp\/v2\/media\/18521"}],"wp:attachment":[{"href":"https:\/\/libreriaelprincipito.com\/index.php?rest_route=%2Fwp%2Fv2%2Fmedia&parent=16389"}],"wp:term":[{"taxonomy":"product_brand","embeddable":true,"href":"https:\/\/libreriaelprincipito.com\/index.php?rest_route=%2Fwp%2Fv2%2Fproduct_brand&post=16389"},{"taxonomy":"product_cat","embeddable":true,"href":"https:\/\/libreriaelprincipito.com\/index.php?rest_route=%2Fwp%2Fv2%2Fproduct_cat&post=16389"},{"taxonomy":"product_tag","embeddable":true,"href":"https:\/\/libreriaelprincipito.com\/index.php?rest_route=%2Fwp%2Fv2%2Fproduct_tag&post=16389"}],"curies":[{"name":"wp","href":"https:\/\/api.w.org\/{rel}","templated":true}]}}