{"id":16571,"date":"2026-02-06T04:35:59","date_gmt":"2026-02-06T04:35:59","guid":{"rendered":"https:\/\/libreriaelprincipito.com\/?post_type=product&#038;p=16571"},"modified":"2026-02-17T20:02:02","modified_gmt":"2026-02-17T20:02:02","slug":"fuenteovejuna-nivel-4","status":"publish","type":"product","link":"https:\/\/libreriaelprincipito.com\/?product=fuenteovejuna-nivel-4","title":{"rendered":"FUENTEOVEJUNA NIVEL 4"},"content":{"rendered":"<p>Fuenteovejuna es una de las obras m\u00e1s c\u00e9lebres de Lope de Vega. El conocido como \u00abf\u00e9nix de los ingenios\u00bb se inspir\u00f3 en un hecho hist\u00f3rico acontecido un siglo atr\u00e1s para elaborar un drama sobre un tirano que abusa de su poder y la consiguiente venganza del pueblo. Una fant\u00e1stica adaptaci\u00f3n en prosa del texto teatral.<\/p>\n<p>&nbsp;<\/p>\n<p>DETALLES DEL PRODUCTO:<\/p>\n<p>ISBS: 9788467776782<\/p>\n<p>C\u00f3digo: 273352<\/p>\n<p>P\u00e1ginas: 72 p\u00e1ginas.<\/p>\n<p>Tama\u00f1o: Formato 17,7 x 20,4. Carton\u00e9 con cubierta plastificada brillo y texto en relieve<\/p>\n","protected":false},"excerpt":{"rendered":"<p>Fuenteovejuna es una de las obras m\u00e1s c\u00e9lebres de Lope de Vega. El conocido como \u00abf\u00e9nix de los ingenios\u00bb se inspir\u00f3 en un hecho hist\u00f3rico acontecido un siglo atr\u00e1s para elaborar un drama sobre un tirano que abusa de su poder y la consiguiente venganza del pueblo. Una fant\u00e1stica adaptaci\u00f3n en prosa del texto teatral.<\/p>\n","protected":false},"featured_media":18565,"comment_status":"open","ping_status":"closed","template":"","meta":[],"product_brand":[],"product_cat":[74,81],"product_tag":[],"class_list":{"0":"post-16571","1":"product","2":"type-product","3":"status-publish","4":"has-post-thumbnail","6":"product_cat-infantil","7":"product_cat-plan-lector","9":"first","10":"instock","11":"shipping-taxable","12":"purchasable","13":"product-type-simple"},"jetpack_sharing_enabled":true,"_links":{"self":[{"href":"https:\/\/libreriaelprincipito.com\/index.php?rest_route=\/wp\/v2\/product\/16571","targetHints":{"allow":["GET"]}}],"collection":[{"href":"https:\/\/libreriaelprincipito.com\/index.php?rest_route=\/wp\/v2\/product"}],"about":[{"href":"https:\/\/libreriaelprincipito.com\/index.php?rest_route=\/wp\/v2\/types\/product"}],"replies":[{"embeddable":true,"href":"https:\/\/libreriaelprincipito.com\/index.php?rest_route=%2Fwp%2Fv2%2Fcomments&post=16571"}],"version-history":[{"count":1,"href":"https:\/\/libreriaelprincipito.com\/index.php?rest_route=\/wp\/v2\/product\/16571\/revisions"}],"predecessor-version":[{"id":16607,"href":"https:\/\/libreriaelprincipito.com\/index.php?rest_route=\/wp\/v2\/product\/16571\/revisions\/16607"}],"wp:featuredmedia":[{"embeddable":true,"href":"https:\/\/libreriaelprincipito.com\/index.php?rest_route=\/wp\/v2\/media\/18565"}],"wp:attachment":[{"href":"https:\/\/libreriaelprincipito.com\/index.php?rest_route=%2Fwp%2Fv2%2Fmedia&parent=16571"}],"wp:term":[{"taxonomy":"product_brand","embeddable":true,"href":"https:\/\/libreriaelprincipito.com\/index.php?rest_route=%2Fwp%2Fv2%2Fproduct_brand&post=16571"},{"taxonomy":"product_cat","embeddable":true,"href":"https:\/\/libreriaelprincipito.com\/index.php?rest_route=%2Fwp%2Fv2%2Fproduct_cat&post=16571"},{"taxonomy":"product_tag","embeddable":true,"href":"https:\/\/libreriaelprincipito.com\/index.php?rest_route=%2Fwp%2Fv2%2Fproduct_tag&post=16571"}],"curies":[{"name":"wp","href":"https:\/\/api.w.org\/{rel}","templated":true}]}}