{"id":16586,"date":"2026-02-06T04:36:00","date_gmt":"2026-02-06T04:36:00","guid":{"rendered":"https:\/\/libreriaelprincipito.com\/?post_type=product&#038;p=16586"},"modified":"2026-02-17T20:10:54","modified_gmt":"2026-02-17T20:10:54","slug":"thomas-edison-mini-biografia","status":"publish","type":"product","link":"https:\/\/libreriaelprincipito.com\/?product=thomas-edison-mini-biografia","title":{"rendered":"THOMAS EDISON (MINI BIOGRAFIA)"},"content":{"rendered":"<p>Thomas Edison representa el ideal del hombre americano que se hizo a s\u00ed mismo. Fue autodidacta. Desde ni\u00f1o sent\u00eda una enorme curiosidad por todo. Lleg\u00f3 a patentar m\u00e1s de mil inventos: aproximadamente, uno cada quince d\u00edas. Entre los m\u00e1s importantes est\u00e1n el fon\u00f3grafo, el kinetoscopio y, sobre todo, la primera bombilla que irradiaba una luz duradera. Edison hizo la vida diaria m\u00e1s confortable a la humanidad entera. Este libro, lleno de datos, curiosidades, recuadros y preciosas ilustraciones, ofrece a los j\u00f3venes lectores una forma entretenida y diferente de adentrarse en la biograf\u00eda de uno de los grandes inventores del siglo XX.<\/p>\n<p>&nbsp;<\/p>\n<p>DETALLES DEL PRODUCTO:<\/p>\n<p>ISBS: 9788467722260<\/p>\n<p>C\u00f3digo: 275013<\/p>\n<p>P\u00e1ginas: 40 p\u00e1ginas.<\/p>\n<p>Tama\u00f1o: Formato 17,7 x 23. Carton\u00e9 con cubierta plastificada brillo y texto en relieve<\/p>\n","protected":false},"excerpt":{"rendered":"<p>Thomas Edison representa el ideal del hombre americano que se hizo a s\u00ed mismo. Fue autodidacta. Desde ni\u00f1o sent\u00eda una enorme curiosidad por todo. Lleg\u00f3 a patentar m\u00e1s de mil inventos: aproximadamente, uno cada quince d\u00edas. Entre los m\u00e1s importantes est\u00e1n el fon\u00f3grafo, el kinetoscopio y, sobre todo, la primera bombilla que irradiaba una luz duradera. Edison hizo la vida diaria m\u00e1s confortable a la humanidad entera. Este libro, lleno de datos, curiosidades, recuadros y preciosas ilustraciones, ofrece a los j\u00f3venes lectores una forma entretenida y diferente de adentrarse en la biograf\u00eda de uno de los grandes inventores del siglo XX.<\/p>\n<p>Edad: Desde 8 a\u00f1os.<\/p>\n","protected":false},"featured_media":18574,"comment_status":"open","ping_status":"closed","template":"","meta":[],"product_brand":[],"product_cat":[74,81],"product_tag":[],"class_list":{"0":"post-16586","1":"product","2":"type-product","3":"status-publish","4":"has-post-thumbnail","6":"product_cat-infantil","7":"product_cat-plan-lector","9":"first","10":"instock","11":"shipping-taxable","12":"purchasable","13":"product-type-simple"},"jetpack_sharing_enabled":true,"_links":{"self":[{"href":"https:\/\/libreriaelprincipito.com\/index.php?rest_route=\/wp\/v2\/product\/16586","targetHints":{"allow":["GET"]}}],"collection":[{"href":"https:\/\/libreriaelprincipito.com\/index.php?rest_route=\/wp\/v2\/product"}],"about":[{"href":"https:\/\/libreriaelprincipito.com\/index.php?rest_route=\/wp\/v2\/types\/product"}],"replies":[{"embeddable":true,"href":"https:\/\/libreriaelprincipito.com\/index.php?rest_route=%2Fwp%2Fv2%2Fcomments&post=16586"}],"version-history":[{"count":1,"href":"https:\/\/libreriaelprincipito.com\/index.php?rest_route=\/wp\/v2\/product\/16586\/revisions"}],"predecessor-version":[{"id":16637,"href":"https:\/\/libreriaelprincipito.com\/index.php?rest_route=\/wp\/v2\/product\/16586\/revisions\/16637"}],"wp:featuredmedia":[{"embeddable":true,"href":"https:\/\/libreriaelprincipito.com\/index.php?rest_route=\/wp\/v2\/media\/18574"}],"wp:attachment":[{"href":"https:\/\/libreriaelprincipito.com\/index.php?rest_route=%2Fwp%2Fv2%2Fmedia&parent=16586"}],"wp:term":[{"taxonomy":"product_brand","embeddable":true,"href":"https:\/\/libreriaelprincipito.com\/index.php?rest_route=%2Fwp%2Fv2%2Fproduct_brand&post=16586"},{"taxonomy":"product_cat","embeddable":true,"href":"https:\/\/libreriaelprincipito.com\/index.php?rest_route=%2Fwp%2Fv2%2Fproduct_cat&post=16586"},{"taxonomy":"product_tag","embeddable":true,"href":"https:\/\/libreriaelprincipito.com\/index.php?rest_route=%2Fwp%2Fv2%2Fproduct_tag&post=16586"}],"curies":[{"name":"wp","href":"https:\/\/api.w.org\/{rel}","templated":true}]}}