{"id":16593,"date":"2026-02-06T04:36:01","date_gmt":"2026-02-06T04:36:01","guid":{"rendered":"https:\/\/libreriaelprincipito.com\/?post_type=product&#038;p=16593"},"modified":"2026-02-17T20:36:57","modified_gmt":"2026-02-17T20:36:57","slug":"ana-frank-mini-biografia","status":"publish","type":"product","link":"https:\/\/libreriaelprincipito.com\/?product=ana-frank-mini-biografia","title":{"rendered":"ANA FRANK (MINI BIOGRAFIA)"},"content":{"rendered":"<p>Ana Frank, una joven alemana de raza jud\u00eda, se convirti\u00f3, sin quererlo, en uno de los iconos del siglo XX. Cuando Ana empez\u00f3 a escribir su diario en 1942 el d\u00eda que cumpli\u00f3 trece a\u00f1os, no pod\u00eda sospechar que su relato iba a constituir un canto a la vida, un s\u00edmbolo inmortal frente a la barbarie nazi, un conmovedor testimonio de la inocencia frente al mal en estado puro. Este libro cuenta su historia, los buenos momentos y los malos, la gente que le acompa\u00f1\u00f3 y algunos de los pensamientos que ella volc\u00f3 en las p\u00e1ginas de su diario; y describe una \u00e9poca de nuestra historia que nunca debe pasar al olvido.<\/p>\n<p>&nbsp;<\/p>\n<p>DETALLES DEL PRODUCTO:<\/p>\n<p>ISBS: 9788467744415<\/p>\n<p>C\u00f3digo: 275023<\/p>\n<p>P\u00e1ginas: 40 p\u00e1ginas.<\/p>\n<p>Tama\u00f1o: Formato 17,7 x 23. Carton\u00e9 con cubierta plastificada brillo y texto en relieve<\/p>\n","protected":false},"excerpt":{"rendered":"<p>Ana Frank, una joven alemana de raza jud\u00eda, se convirti\u00f3, sin quererlo, en uno de los iconos del siglo XX. Cuando Ana empez\u00f3 a escribir su diario en 1942 el d\u00eda que cumpli\u00f3 trece a\u00f1os, no pod\u00eda sospechar que su relato iba a constituir un canto a la vida, un s\u00edmbolo inmortal frente a la barbarie nazi, un conmovedor testimonio de la inocencia frente al mal en estado puro. Este libro cuenta su historia, los buenos momentos y los malos, la gente que le acompa\u00f1\u00f3 y algunos de los pensamientos que ella volc\u00f3 en las p\u00e1ginas de su diario; y describe una \u00e9poca de nuestra historia que nunca debe pasar al olvido.<\/p>\n<p>Edad: Desde 8 a\u00f1os.<\/p>\n","protected":false},"featured_media":18581,"comment_status":"open","ping_status":"closed","template":"","meta":[],"product_brand":[],"product_cat":[74,81],"product_tag":[],"class_list":{"0":"post-16593","1":"product","2":"type-product","3":"status-publish","4":"has-post-thumbnail","6":"product_cat-infantil","7":"product_cat-plan-lector","9":"first","10":"instock","11":"shipping-taxable","12":"purchasable","13":"product-type-simple"},"jetpack_sharing_enabled":true,"_links":{"self":[{"href":"https:\/\/libreriaelprincipito.com\/index.php?rest_route=\/wp\/v2\/product\/16593","targetHints":{"allow":["GET"]}}],"collection":[{"href":"https:\/\/libreriaelprincipito.com\/index.php?rest_route=\/wp\/v2\/product"}],"about":[{"href":"https:\/\/libreriaelprincipito.com\/index.php?rest_route=\/wp\/v2\/types\/product"}],"replies":[{"embeddable":true,"href":"https:\/\/libreriaelprincipito.com\/index.php?rest_route=%2Fwp%2Fv2%2Fcomments&post=16593"}],"version-history":[{"count":1,"href":"https:\/\/libreriaelprincipito.com\/index.php?rest_route=\/wp\/v2\/product\/16593\/revisions"}],"predecessor-version":[{"id":16651,"href":"https:\/\/libreriaelprincipito.com\/index.php?rest_route=\/wp\/v2\/product\/16593\/revisions\/16651"}],"wp:featuredmedia":[{"embeddable":true,"href":"https:\/\/libreriaelprincipito.com\/index.php?rest_route=\/wp\/v2\/media\/18581"}],"wp:attachment":[{"href":"https:\/\/libreriaelprincipito.com\/index.php?rest_route=%2Fwp%2Fv2%2Fmedia&parent=16593"}],"wp:term":[{"taxonomy":"product_brand","embeddable":true,"href":"https:\/\/libreriaelprincipito.com\/index.php?rest_route=%2Fwp%2Fv2%2Fproduct_brand&post=16593"},{"taxonomy":"product_cat","embeddable":true,"href":"https:\/\/libreriaelprincipito.com\/index.php?rest_route=%2Fwp%2Fv2%2Fproduct_cat&post=16593"},{"taxonomy":"product_tag","embeddable":true,"href":"https:\/\/libreriaelprincipito.com\/index.php?rest_route=%2Fwp%2Fv2%2Fproduct_tag&post=16593"}],"curies":[{"name":"wp","href":"https:\/\/api.w.org\/{rel}","templated":true}]}}