{"id":16663,"date":"2026-02-06T04:36:12","date_gmt":"2026-02-06T04:36:12","guid":{"rendered":"https:\/\/libreriaelprincipito.com\/?post_type=product&#038;p=16663"},"modified":"2026-02-17T20:59:46","modified_gmt":"2026-02-17T20:59:46","slug":"galileo-galilei-mini-biografias","status":"publish","type":"product","link":"https:\/\/libreriaelprincipito.com\/?product=galileo-galilei-mini-biografias","title":{"rendered":"GALILEO GALILEI (MINI BIOGRAFIAS)"},"content":{"rendered":"<p>Galileo Galilei fue, junto con Leonardo da Vinci, el representante m\u00e1s genuino del Renacimiento, movimiento humanista y cient\u00edfico que reivindica una nueva concepci\u00f3n del mundo a trav\u00e9s del progreso. Se le considera el padre de la ciencia moderna porque la revolucion\u00f3 al introducir el m\u00e9todo experimental, hasta entonces ignorado, como demostraci\u00f3n de las teor\u00edas. Galileo fue un excelente astr\u00f3nomo, matem\u00e1tico y f\u00edsico, pero tambi\u00e9n un amante de la filosof\u00eda, la m\u00fasica y la literatura.<\/p>\n<p>&nbsp;<\/p>\n<p>DETALLES DEL PRODUCTO:<\/p>\n<p>ISBS: 9788467769296<\/p>\n<p>C\u00f3digo: 275037<\/p>\n<p>P\u00e1ginas: 38 p\u00e1ginas.<\/p>\n<p>Tama\u00f1o: Formato 17,7 x 23. Carton\u00e9 con cubierta plastificada brillo y texto en relieve<\/p>\n","protected":false},"excerpt":{"rendered":"<p>Galileo Galilei fue, junto con Leonardo da Vinci, el representante m\u00e1s genuino del Renacimiento, movimiento humanista y cient\u00edfico que reivindica una nueva concepci\u00f3n del mundo a trav\u00e9s del progreso. Se le considera el padre de la ciencia moderna porque la revolucion\u00f3 al introducir el m\u00e9todo experimental, hasta entonces ignorado, como demostraci\u00f3n de las teor\u00edas. Galileo fue un excelente astr\u00f3nomo, matem\u00e1tico y f\u00edsico, pero tambi\u00e9n un amante de la filosof\u00eda, la m\u00fasica y la literatura.<\/p>\n<p>Edad: Desde 8 a\u00f1os.<\/p>\n","protected":false},"featured_media":18593,"comment_status":"open","ping_status":"closed","template":"","meta":[],"product_brand":[],"product_cat":[74,81],"product_tag":[],"class_list":{"0":"post-16663","1":"product","2":"type-product","3":"status-publish","4":"has-post-thumbnail","6":"product_cat-infantil","7":"product_cat-plan-lector","9":"first","10":"instock","11":"shipping-taxable","12":"purchasable","13":"product-type-simple"},"jetpack_sharing_enabled":true,"_links":{"self":[{"href":"https:\/\/libreriaelprincipito.com\/index.php?rest_route=\/wp\/v2\/product\/16663","targetHints":{"allow":["GET"]}}],"collection":[{"href":"https:\/\/libreriaelprincipito.com\/index.php?rest_route=\/wp\/v2\/product"}],"about":[{"href":"https:\/\/libreriaelprincipito.com\/index.php?rest_route=\/wp\/v2\/types\/product"}],"replies":[{"embeddable":true,"href":"https:\/\/libreriaelprincipito.com\/index.php?rest_route=%2Fwp%2Fv2%2Fcomments&post=16663"}],"version-history":[{"count":1,"href":"https:\/\/libreriaelprincipito.com\/index.php?rest_route=\/wp\/v2\/product\/16663\/revisions"}],"predecessor-version":[{"id":16701,"href":"https:\/\/libreriaelprincipito.com\/index.php?rest_route=\/wp\/v2\/product\/16663\/revisions\/16701"}],"wp:featuredmedia":[{"embeddable":true,"href":"https:\/\/libreriaelprincipito.com\/index.php?rest_route=\/wp\/v2\/media\/18593"}],"wp:attachment":[{"href":"https:\/\/libreriaelprincipito.com\/index.php?rest_route=%2Fwp%2Fv2%2Fmedia&parent=16663"}],"wp:term":[{"taxonomy":"product_brand","embeddable":true,"href":"https:\/\/libreriaelprincipito.com\/index.php?rest_route=%2Fwp%2Fv2%2Fproduct_brand&post=16663"},{"taxonomy":"product_cat","embeddable":true,"href":"https:\/\/libreriaelprincipito.com\/index.php?rest_route=%2Fwp%2Fv2%2Fproduct_cat&post=16663"},{"taxonomy":"product_tag","embeddable":true,"href":"https:\/\/libreriaelprincipito.com\/index.php?rest_route=%2Fwp%2Fv2%2Fproduct_tag&post=16663"}],"curies":[{"name":"wp","href":"https:\/\/api.w.org\/{rel}","templated":true}]}}