{"id":16673,"date":"2026-02-06T04:36:12","date_gmt":"2026-02-06T04:36:12","guid":{"rendered":"https:\/\/libreriaelprincipito.com\/?post_type=product&#038;p=16673"},"modified":"2026-02-17T20:54:54","modified_gmt":"2026-02-17T20:54:54","slug":"cuentos-para-sonar-servilibro-2","status":"publish","type":"product","link":"https:\/\/libreriaelprincipito.com\/?product=cuentos-para-sonar-servilibro-2","title":{"rendered":"CUENTOS PARA SO\u00d1AR (SERVILIBRO)"},"content":{"rendered":"<p>PULGARCITO, HANSEL Y GRETEL, LA BELLA DURMIENTE, JUAN Y LAS HABICHUELAS M\u00c1GICAS, EL PATITO FEO, LOS TRES CERDITOS, LA SE\u00d1ORA NIEVE<\/p>\n<p>&nbsp;<\/p>\n<p>DETALLES DEL PRODUCTO:<\/p>\n<p>ISBS: 9788479716783<\/p>\n<p>C\u00f3digo: 2510197<\/p>\n<p>P\u00e1ginas: 140 p\u00e1ginas.<\/p>\n<p>Tama\u00f1o: Formato: 20,5 x 27,8 cm. Libro de cart\u00f3n plastificado y troquelado con estampaci\u00f3n y diferentes texturas.<\/p>\n","protected":false},"excerpt":{"rendered":"<p>PULGARCITO, HANSEL Y GRETEL, LA BELLA DURMIENTE, JUAN Y LAS HABICHUELAS M\u00c1GICAS, EL PATITO FEO, LOS TRES CERDITOS, LA SE\u00d1ORA NIEVE<\/p>\n","protected":false},"featured_media":18591,"comment_status":"open","ping_status":"closed","template":"","meta":[],"product_brand":[],"product_cat":[74],"product_tag":[],"class_list":{"0":"post-16673","1":"product","2":"type-product","3":"status-publish","4":"has-post-thumbnail","6":"product_cat-infantil","8":"first","9":"instock","10":"shipping-taxable","11":"purchasable","12":"product-type-simple"},"jetpack_sharing_enabled":true,"_links":{"self":[{"href":"https:\/\/libreriaelprincipito.com\/index.php?rest_route=\/wp\/v2\/product\/16673","targetHints":{"allow":["GET"]}}],"collection":[{"href":"https:\/\/libreriaelprincipito.com\/index.php?rest_route=\/wp\/v2\/product"}],"about":[{"href":"https:\/\/libreriaelprincipito.com\/index.php?rest_route=\/wp\/v2\/types\/product"}],"replies":[{"embeddable":true,"href":"https:\/\/libreriaelprincipito.com\/index.php?rest_route=%2Fwp%2Fv2%2Fcomments&post=16673"}],"version-history":[{"count":1,"href":"https:\/\/libreriaelprincipito.com\/index.php?rest_route=\/wp\/v2\/product\/16673\/revisions"}],"predecessor-version":[{"id":16721,"href":"https:\/\/libreriaelprincipito.com\/index.php?rest_route=\/wp\/v2\/product\/16673\/revisions\/16721"}],"wp:featuredmedia":[{"embeddable":true,"href":"https:\/\/libreriaelprincipito.com\/index.php?rest_route=\/wp\/v2\/media\/18591"}],"wp:attachment":[{"href":"https:\/\/libreriaelprincipito.com\/index.php?rest_route=%2Fwp%2Fv2%2Fmedia&parent=16673"}],"wp:term":[{"taxonomy":"product_brand","embeddable":true,"href":"https:\/\/libreriaelprincipito.com\/index.php?rest_route=%2Fwp%2Fv2%2Fproduct_brand&post=16673"},{"taxonomy":"product_cat","embeddable":true,"href":"https:\/\/libreriaelprincipito.com\/index.php?rest_route=%2Fwp%2Fv2%2Fproduct_cat&post=16673"},{"taxonomy":"product_tag","embeddable":true,"href":"https:\/\/libreriaelprincipito.com\/index.php?rest_route=%2Fwp%2Fv2%2Fproduct_tag&post=16673"}],"curies":[{"name":"wp","href":"https:\/\/api.w.org\/{rel}","templated":true}]}}