{"id":16763,"date":"2026-02-06T04:37:01","date_gmt":"2026-02-06T04:37:01","guid":{"rendered":"https:\/\/libreriaelprincipito.com\/?post_type=product&#038;p=16763"},"modified":"2026-02-18T13:25:28","modified_gmt":"2026-02-18T13:25:28","slug":"gran-libro-de-cocina-de-conventos-y-monasterios","status":"publish","type":"product","link":"https:\/\/libreriaelprincipito.com\/?product=gran-libro-de-cocina-de-conventos-y-monasterios","title":{"rendered":"GRAN LIBRO DE COCINA DE CONVENTOS Y MONASTERIOS"},"content":{"rendered":"<p>Este libro a\u00fana la gu\u00eda de viajes con la gastronom\u00eda: por una parte describe una selecci\u00f3n de los edificios mon\u00e1sticos espa\u00f1oles y por otra recoge algunas de las recetas que han salido de sus muros en el pasado o en la actualidad y que generalmente son platos sencillos como cocidos, tortillas o sopas, con variantes regionales, as\u00ed como los c\u00e9lebres dulces que les han dado\u00a0merecida\u00a0fama.<\/p>\n<p>&nbsp;<\/p>\n<p>DETALLES DEL PRODUCTO:<\/p>\n<p>ISBS: 9788490051351<\/p>\n<p>C\u00f3digo: 253316<\/p>\n<p>P\u00e1ginas: 198<\/p>\n<p>Tama\u00f1o: Formato: 21.3 x 27.9 cm. Carton\u00e9 con cubierta plastificada mate, acolchada y con estampaci\u00f3n plata.<\/p>\n","protected":false},"excerpt":{"rendered":"<p>Este libro a\u00fana la gu\u00eda de viajes con la gastronom\u00eda: por una parte describe una selecci\u00f3n de los edificios mon\u00e1sticos espa\u00f1oles y por otra recoge algunas de las recetas que han salido de sus muros en el pasado o en la actualidad y que generalmente son platos sencillos como cocidos, tortillas o sopas, con variantes regionales, as\u00ed como los c\u00e9lebres dulces que les han dado\u00a0merecida\u00a0fama.<\/p>\n","protected":false},"featured_media":18621,"comment_status":"open","ping_status":"closed","template":"","meta":[],"product_brand":[],"product_cat":[18],"product_tag":[],"class_list":{"0":"post-16763","1":"product","2":"type-product","3":"status-publish","4":"has-post-thumbnail","6":"product_cat-sin-categorizar","8":"first","9":"instock","10":"shipping-taxable","11":"purchasable","12":"product-type-simple"},"jetpack_sharing_enabled":true,"_links":{"self":[{"href":"https:\/\/libreriaelprincipito.com\/index.php?rest_route=\/wp\/v2\/product\/16763","targetHints":{"allow":["GET"]}}],"collection":[{"href":"https:\/\/libreriaelprincipito.com\/index.php?rest_route=\/wp\/v2\/product"}],"about":[{"href":"https:\/\/libreriaelprincipito.com\/index.php?rest_route=\/wp\/v2\/types\/product"}],"replies":[{"embeddable":true,"href":"https:\/\/libreriaelprincipito.com\/index.php?rest_route=%2Fwp%2Fv2%2Fcomments&post=16763"}],"version-history":[{"count":1,"href":"https:\/\/libreriaelprincipito.com\/index.php?rest_route=\/wp\/v2\/product\/16763\/revisions"}],"predecessor-version":[{"id":16827,"href":"https:\/\/libreriaelprincipito.com\/index.php?rest_route=\/wp\/v2\/product\/16763\/revisions\/16827"}],"wp:featuredmedia":[{"embeddable":true,"href":"https:\/\/libreriaelprincipito.com\/index.php?rest_route=\/wp\/v2\/media\/18621"}],"wp:attachment":[{"href":"https:\/\/libreriaelprincipito.com\/index.php?rest_route=%2Fwp%2Fv2%2Fmedia&parent=16763"}],"wp:term":[{"taxonomy":"product_brand","embeddable":true,"href":"https:\/\/libreriaelprincipito.com\/index.php?rest_route=%2Fwp%2Fv2%2Fproduct_brand&post=16763"},{"taxonomy":"product_cat","embeddable":true,"href":"https:\/\/libreriaelprincipito.com\/index.php?rest_route=%2Fwp%2Fv2%2Fproduct_cat&post=16763"},{"taxonomy":"product_tag","embeddable":true,"href":"https:\/\/libreriaelprincipito.com\/index.php?rest_route=%2Fwp%2Fv2%2Fproduct_tag&post=16763"}],"curies":[{"name":"wp","href":"https:\/\/api.w.org\/{rel}","templated":true}]}}