{"id":16768,"date":"2026-02-06T04:37:02","date_gmt":"2026-02-06T04:37:02","guid":{"rendered":"https:\/\/libreriaelprincipito.com\/?post_type=product&#038;p=16768"},"modified":"2026-02-18T13:28:21","modified_gmt":"2026-02-18T13:28:21","slug":"el-papa-francisco-y-sus-oraciones","status":"publish","type":"product","link":"https:\/\/libreriaelprincipito.com\/?product=el-papa-francisco-y-sus-oraciones","title":{"rendered":"EL PAPA FRANCISCO Y SUS ORACIONES"},"content":{"rendered":"<p>Un entra\u00f1able libro de oraciones, con bellas ilustraciones y textos sencillos, pensado para que los peque\u00f1os conozcan y se acerquen con sus rezos al papa Francisco.<\/p>\n<p>&nbsp;<\/p>\n<p>DETALLES DEL PRODUCTO:<\/p>\n<p>ISBS: 9788467741155<\/p>\n<p>C\u00f3digo: 254063<\/p>\n<p>p\u00e1ginas: 36<\/p>\n<p>Tama\u00f1o: Formato: 18,7 x 25,8cm. Carton\u00e9 plastificado mate con estampaci\u00f3n plata, troquelado y acolchado, interior de cart\u00f3n plastificado.<\/p>\n","protected":false},"excerpt":{"rendered":"<p>Un entra\u00f1able libro de oraciones, con bellas ilustraciones y textos sencillos, pensado para que los peque\u00f1os conozcan y se acerquen con sus rezos al papa Francisco.<\/p>\n","protected":false},"featured_media":18625,"comment_status":"open","ping_status":"closed","template":"","meta":[],"product_brand":[],"product_cat":[74],"product_tag":[],"class_list":{"0":"post-16768","1":"product","2":"type-product","3":"status-publish","4":"has-post-thumbnail","6":"product_cat-infantil","8":"first","9":"instock","10":"shipping-taxable","11":"purchasable","12":"product-type-simple"},"jetpack_sharing_enabled":true,"_links":{"self":[{"href":"https:\/\/libreriaelprincipito.com\/index.php?rest_route=\/wp\/v2\/product\/16768","targetHints":{"allow":["GET"]}}],"collection":[{"href":"https:\/\/libreriaelprincipito.com\/index.php?rest_route=\/wp\/v2\/product"}],"about":[{"href":"https:\/\/libreriaelprincipito.com\/index.php?rest_route=\/wp\/v2\/types\/product"}],"replies":[{"embeddable":true,"href":"https:\/\/libreriaelprincipito.com\/index.php?rest_route=%2Fwp%2Fv2%2Fcomments&post=16768"}],"version-history":[{"count":1,"href":"https:\/\/libreriaelprincipito.com\/index.php?rest_route=\/wp\/v2\/product\/16768\/revisions"}],"predecessor-version":[{"id":16837,"href":"https:\/\/libreriaelprincipito.com\/index.php?rest_route=\/wp\/v2\/product\/16768\/revisions\/16837"}],"wp:featuredmedia":[{"embeddable":true,"href":"https:\/\/libreriaelprincipito.com\/index.php?rest_route=\/wp\/v2\/media\/18625"}],"wp:attachment":[{"href":"https:\/\/libreriaelprincipito.com\/index.php?rest_route=%2Fwp%2Fv2%2Fmedia&parent=16768"}],"wp:term":[{"taxonomy":"product_brand","embeddable":true,"href":"https:\/\/libreriaelprincipito.com\/index.php?rest_route=%2Fwp%2Fv2%2Fproduct_brand&post=16768"},{"taxonomy":"product_cat","embeddable":true,"href":"https:\/\/libreriaelprincipito.com\/index.php?rest_route=%2Fwp%2Fv2%2Fproduct_cat&post=16768"},{"taxonomy":"product_tag","embeddable":true,"href":"https:\/\/libreriaelprincipito.com\/index.php?rest_route=%2Fwp%2Fv2%2Fproduct_tag&post=16768"}],"curies":[{"name":"wp","href":"https:\/\/api.w.org\/{rel}","templated":true}]}}