{"id":16813,"date":"2026-02-06T04:37:23","date_gmt":"2026-02-06T04:37:23","guid":{"rendered":"https:\/\/libreriaelprincipito.com\/?post_type=product&#038;p=16813"},"modified":"2026-02-18T13:43:46","modified_gmt":"2026-02-18T13:43:46","slug":"atlas-ilustrado-la-bicicleta","status":"publish","type":"product","link":"https:\/\/libreriaelprincipito.com\/?product=atlas-ilustrado-la-bicicleta","title":{"rendered":"ATLAS ILUSTRADO LA BICICLETA"},"content":{"rendered":"<p>El mundo de la bicicleta es cada vez m\u00e1s amplio y tecnol\u00f3gico, y en \u00e9l hay sitio para cada ciclista. Para algunos es un medio de transporte; para otros, una forma de hacer deporte; hay quien la utiliza para hacer turismo Y, hoy en d\u00eda, existe una bici adecuada para cada uso. Este libro est\u00e1 pensado para todos los aficionados: presenta los diferentes tipos de bici, ofrece consejos, propone entrenamientos y ense\u00f1a a mantener la bicicleta.<\/p>\n<p>&nbsp;<\/p>\n<p>DETALLES DEL PRODUCTO:<\/p>\n<p>ISBS: 9788467749144<\/p>\n<p>C\u00f3digo: 257048<\/p>\n<p>P\u00e1ginas: 256<\/p>\n<p>Tama\u00f1o: Formato: 23,5 x 27cm. Carton\u00e9 con cubierta plastificada mate y brillo, con estampaci\u00f3n roja.<\/p>\n","protected":false},"excerpt":{"rendered":"<p>El mundo de la bicicleta es cada vez m\u00e1s amplio y tecnol\u00f3gico, y en \u00e9l hay sitio para cada ciclista. Para algunos es un medio de transporte; para otros, una forma de hacer deporte; hay quien la utiliza para hacer turismo Y, hoy en d\u00eda, existe una bici adecuada para cada uso. Este libro est\u00e1 pensado para todos los aficionados: presenta los diferentes tipos de bici, ofrece consejos, propone entrenamientos y ense\u00f1a a mantener la bicicleta.<\/p>\n","protected":false},"featured_media":18638,"comment_status":"open","ping_status":"closed","template":"","meta":[],"product_brand":[],"product_cat":[18],"product_tag":[],"class_list":{"0":"post-16813","1":"product","2":"type-product","3":"status-publish","4":"has-post-thumbnail","6":"product_cat-sin-categorizar","8":"first","9":"instock","10":"shipping-taxable","11":"purchasable","12":"product-type-simple"},"jetpack_sharing_enabled":true,"_links":{"self":[{"href":"https:\/\/libreriaelprincipito.com\/index.php?rest_route=\/wp\/v2\/product\/16813","targetHints":{"allow":["GET"]}}],"collection":[{"href":"https:\/\/libreriaelprincipito.com\/index.php?rest_route=\/wp\/v2\/product"}],"about":[{"href":"https:\/\/libreriaelprincipito.com\/index.php?rest_route=\/wp\/v2\/types\/product"}],"replies":[{"embeddable":true,"href":"https:\/\/libreriaelprincipito.com\/index.php?rest_route=%2Fwp%2Fv2%2Fcomments&post=16813"}],"version-history":[{"count":1,"href":"https:\/\/libreriaelprincipito.com\/index.php?rest_route=\/wp\/v2\/product\/16813\/revisions"}],"predecessor-version":[{"id":16886,"href":"https:\/\/libreriaelprincipito.com\/index.php?rest_route=\/wp\/v2\/product\/16813\/revisions\/16886"}],"wp:featuredmedia":[{"embeddable":true,"href":"https:\/\/libreriaelprincipito.com\/index.php?rest_route=\/wp\/v2\/media\/18638"}],"wp:attachment":[{"href":"https:\/\/libreriaelprincipito.com\/index.php?rest_route=%2Fwp%2Fv2%2Fmedia&parent=16813"}],"wp:term":[{"taxonomy":"product_brand","embeddable":true,"href":"https:\/\/libreriaelprincipito.com\/index.php?rest_route=%2Fwp%2Fv2%2Fproduct_brand&post=16813"},{"taxonomy":"product_cat","embeddable":true,"href":"https:\/\/libreriaelprincipito.com\/index.php?rest_route=%2Fwp%2Fv2%2Fproduct_cat&post=16813"},{"taxonomy":"product_tag","embeddable":true,"href":"https:\/\/libreriaelprincipito.com\/index.php?rest_route=%2Fwp%2Fv2%2Fproduct_tag&post=16813"}],"curies":[{"name":"wp","href":"https:\/\/api.w.org\/{rel}","templated":true}]}}