{"id":17141,"date":"2026-02-06T04:40:07","date_gmt":"2026-02-06T04:40:07","guid":{"rendered":"https:\/\/libreriaelprincipito.com\/?post_type=product&#038;p=17141"},"modified":"2026-02-18T16:29:52","modified_gmt":"2026-02-18T16:29:52","slug":"el-proceso","status":"publish","type":"product","link":"https:\/\/libreriaelprincipito.com\/?product=el-proceso","title":{"rendered":"EL PROCESO"},"content":{"rendered":"<p>El proceso apareci\u00f3 por primera vez en M\u00fanich en 1925, al a\u00f1o siguiente de la muerte de Kafka. Los existencialistas la toman como punto de referencia a su movimiento, siento una de las obras representantes de el desaliento del ser humano frente a lo absurdo y El proceso es, sin lugar a dudas, donde mejor se manifiesta esta sensaci\u00f3n. La peste de Albert Camus, es un homenaje oblicuo a la novela de Kafka. En la obra de Kafka se analizan importantes cuestiones existenciales, apasionantes temas que han dado para discutir la forma de afrontar la vida. El director de cine Orson Welles la adapt\u00f3 a la cinematograf\u00eda en el a\u00f1o 1962 a\u00f1adi\u00e9ndole un final distinto a la trama.<\/p>\n<p>DETALLES DEL PRODUCTO:<\/p>\n<p>ISBS: 9789585950993<\/p>\n<p>C\u00f3digo: 0<\/p>\n<p>P\u00e1ginas: 254<\/p>\n<p>Tama\u00f1o: Formato: 13.5 x 21 cm, tapa r\u00fastica con plastificado brillante.<\/p>\n","protected":false},"excerpt":{"rendered":"<p>El proceso apareci\u00f3 por primera vez en M\u00fanich en 1925, al a\u00f1o siguiente de la muerte de Kafka. Los existencialistas la toman como punto de referencia a su movimiento, siento una de las obras representantes de el desaliento del ser humano frente a lo absurdo y El proceso es, sin lugar a dudas, donde mejor se manifiesta esta sensaci\u00f3n. La peste de Albert Camus, es un homenaje oblicuo a la novela de Kafka. En la obra de Kafka se analizan importantes cuestiones existenciales, apasionantes temas que han dado para discutir la forma de afrontar la vida. El director de cine Orson Welles la adapt\u00f3 a la cinematograf\u00eda en el a\u00f1o 1962 a\u00f1adi\u00e9ndole un final distinto a la trama.<\/p>\n","protected":false},"featured_media":18738,"comment_status":"open","ping_status":"closed","template":"","meta":[],"product_brand":[],"product_cat":[18],"product_tag":[],"class_list":{"0":"post-17141","1":"product","2":"type-product","3":"status-publish","4":"has-post-thumbnail","6":"product_cat-sin-categorizar","8":"first","9":"instock","10":"shipping-taxable","11":"purchasable","12":"product-type-simple"},"jetpack_sharing_enabled":true,"_links":{"self":[{"href":"https:\/\/libreriaelprincipito.com\/index.php?rest_route=\/wp\/v2\/product\/17141","targetHints":{"allow":["GET"]}}],"collection":[{"href":"https:\/\/libreriaelprincipito.com\/index.php?rest_route=\/wp\/v2\/product"}],"about":[{"href":"https:\/\/libreriaelprincipito.com\/index.php?rest_route=\/wp\/v2\/types\/product"}],"replies":[{"embeddable":true,"href":"https:\/\/libreriaelprincipito.com\/index.php?rest_route=%2Fwp%2Fv2%2Fcomments&post=17141"}],"version-history":[{"count":1,"href":"https:\/\/libreriaelprincipito.com\/index.php?rest_route=\/wp\/v2\/product\/17141\/revisions"}],"predecessor-version":[{"id":17204,"href":"https:\/\/libreriaelprincipito.com\/index.php?rest_route=\/wp\/v2\/product\/17141\/revisions\/17204"}],"wp:featuredmedia":[{"embeddable":true,"href":"https:\/\/libreriaelprincipito.com\/index.php?rest_route=\/wp\/v2\/media\/18738"}],"wp:attachment":[{"href":"https:\/\/libreriaelprincipito.com\/index.php?rest_route=%2Fwp%2Fv2%2Fmedia&parent=17141"}],"wp:term":[{"taxonomy":"product_brand","embeddable":true,"href":"https:\/\/libreriaelprincipito.com\/index.php?rest_route=%2Fwp%2Fv2%2Fproduct_brand&post=17141"},{"taxonomy":"product_cat","embeddable":true,"href":"https:\/\/libreriaelprincipito.com\/index.php?rest_route=%2Fwp%2Fv2%2Fproduct_cat&post=17141"},{"taxonomy":"product_tag","embeddable":true,"href":"https:\/\/libreriaelprincipito.com\/index.php?rest_route=%2Fwp%2Fv2%2Fproduct_tag&post=17141"}],"curies":[{"name":"wp","href":"https:\/\/api.w.org\/{rel}","templated":true}]}}