{"id":17142,"date":"2026-02-06T04:40:07","date_gmt":"2026-02-06T04:40:07","guid":{"rendered":"https:\/\/libreriaelprincipito.com\/?post_type=product&#038;p=17142"},"modified":"2026-02-18T16:24:48","modified_gmt":"2026-02-18T16:24:48","slug":"el-profeta","status":"publish","type":"product","link":"https:\/\/libreriaelprincipito.com\/?product=el-profeta","title":{"rendered":"EL PROFETA"},"content":{"rendered":"<p>El presente volumen re\u00fane dos de sus principales obras en prosa de Gibr\u00e1n:<br \/>\nEn su libro \u201cEl Profeta\u201d, Gibr\u00e1n Jalil Gibr\u00e1n trata de impulsar al lector a cambiar su forma de vida bas\u00e1ndose principalmente en llevarla de una forma equilibrada con respecto a la divinidad y la paz interior. Para Gibr\u00e1n los obst\u00e1culos y vicisitudes del mundo son solo pruebas que permiten al hombre evolucionar y avanzar por el camino hacia la purificaci\u00f3n, as\u00ed nos demuestra que el mundo ser\u00e1 mejor cuando los hombres sean capaces de acercarse y convivir.<br \/>\nKhalil Gibr\u00e1n En 1918 public\u00f3 El loco, conjunto de peque\u00f1os relatos que a manera de par\u00e1bolas cuestionan los l\u00edmites y percepci\u00f3n social de cordura y locura, redefiniendo ambos conceptos a la luz de la reflexi\u00f3n. Los relatos, atemporales y ubicuos por excelencia, tienen plena vigencia para perfilar el comportamiento humano y se constituyen intuitivamente en herramienta y recurso narrativo psicoterap\u00e9utico.<\/p>\n<p>DETALLES DEL PRODUCTO:<\/p>\n<p>ISBS: 9789589922781<\/p>\n<p>C\u00f3digo: 0<\/p>\n<p>P\u00e1ginas: 186<\/p>\n<p>Tama\u00f1o: Formato: 13.5 x 21 cm, tapa r\u00fastica con plastificado brillante.<\/p>\n","protected":false},"excerpt":{"rendered":"<p>El presente volumen re\u00fane dos de sus principales obras en prosa de Gibr\u00e1n:<br \/>\nEn su libro \u201cEl Profeta\u201d, Gibr\u00e1n Jalil Gibr\u00e1n trata de impulsar al lector a cambiar su forma de vida bas\u00e1ndose principalmente en llevarla de una forma equilibrada con respecto a la divinidad y la paz interior. Para Gibr\u00e1n los obst\u00e1culos y vicisitudes del mundo son solo pruebas que permiten al hombre evolucionar y avanzar por el camino hacia la purificaci\u00f3n, as\u00ed nos demuestra que el mundo ser\u00e1 mejor cuando los hombres sean capaces de acercarse y convivir.<br \/>\nKhalil Gibr\u00e1n En 1918 public\u00f3 El loco, conjunto de peque\u00f1os relatos que a manera de par\u00e1bolas cuestionan los l\u00edmites y percepci\u00f3n social de cordura y locura, redefiniendo ambos conceptos a la luz de la reflexi\u00f3n. Los relatos, atemporales y ubicuos por excelencia, tienen plena vigencia para perfilar el comportamiento humano y se constituyen intuitivamente en herramienta y recurso narrativo psicoterap\u00e9utico.<\/p>\n","protected":false},"featured_media":18732,"comment_status":"open","ping_status":"closed","template":"","meta":[],"product_brand":[],"product_cat":[18],"product_tag":[],"class_list":{"0":"post-17142","1":"product","2":"type-product","3":"status-publish","4":"has-post-thumbnail","6":"product_cat-sin-categorizar","8":"first","9":"instock","10":"shipping-taxable","11":"purchasable","12":"product-type-simple"},"jetpack_sharing_enabled":true,"_links":{"self":[{"href":"https:\/\/libreriaelprincipito.com\/index.php?rest_route=\/wp\/v2\/product\/17142","targetHints":{"allow":["GET"]}}],"collection":[{"href":"https:\/\/libreriaelprincipito.com\/index.php?rest_route=\/wp\/v2\/product"}],"about":[{"href":"https:\/\/libreriaelprincipito.com\/index.php?rest_route=\/wp\/v2\/types\/product"}],"replies":[{"embeddable":true,"href":"https:\/\/libreriaelprincipito.com\/index.php?rest_route=%2Fwp%2Fv2%2Fcomments&post=17142"}],"version-history":[{"count":1,"href":"https:\/\/libreriaelprincipito.com\/index.php?rest_route=\/wp\/v2\/product\/17142\/revisions"}],"predecessor-version":[{"id":17206,"href":"https:\/\/libreriaelprincipito.com\/index.php?rest_route=\/wp\/v2\/product\/17142\/revisions\/17206"}],"wp:featuredmedia":[{"embeddable":true,"href":"https:\/\/libreriaelprincipito.com\/index.php?rest_route=\/wp\/v2\/media\/18732"}],"wp:attachment":[{"href":"https:\/\/libreriaelprincipito.com\/index.php?rest_route=%2Fwp%2Fv2%2Fmedia&parent=17142"}],"wp:term":[{"taxonomy":"product_brand","embeddable":true,"href":"https:\/\/libreriaelprincipito.com\/index.php?rest_route=%2Fwp%2Fv2%2Fproduct_brand&post=17142"},{"taxonomy":"product_cat","embeddable":true,"href":"https:\/\/libreriaelprincipito.com\/index.php?rest_route=%2Fwp%2Fv2%2Fproduct_cat&post=17142"},{"taxonomy":"product_tag","embeddable":true,"href":"https:\/\/libreriaelprincipito.com\/index.php?rest_route=%2Fwp%2Fv2%2Fproduct_tag&post=17142"}],"curies":[{"name":"wp","href":"https:\/\/api.w.org\/{rel}","templated":true}]}}