{"id":17143,"date":"2026-02-06T04:40:07","date_gmt":"2026-02-06T04:40:07","guid":{"rendered":"https:\/\/libreriaelprincipito.com\/?post_type=product&#038;p=17143"},"modified":"2026-02-18T16:28:17","modified_gmt":"2026-02-18T16:28:17","slug":"el-retrato-de-dorian-gray","status":"publish","type":"product","link":"https:\/\/libreriaelprincipito.com\/?product=el-retrato-de-dorian-gray","title":{"rendered":"EL RETRATO DE DORIAN GRAY"},"content":{"rendered":"<p>Basil Hallward es un artista que queda fuertemente impresionado por la belleza est\u00e9tica de un joven llamado Dorian Gray y comienza a admirarlo. Basil pinta un retrato del joven. Charlando en el jard\u00edn de Hallward, Dorian conoce a un amigo de Basil y empieza a cautivarse por la visi\u00f3n del mundo de Lord Henry. Exponiendo un nuevo tipo de hedonismo, Lord Henry indica que \u00ablo \u00fanico que vale la pena en la vida es la belleza, y la satisfacci\u00f3n de los sentidos\u00bb. Al darse cuenta de que un d\u00eda su belleza se desvanecer\u00e1, Dorian desea tener siempre la edad de cuando Basil le pint\u00f3 en el cuadro. Mientras \u00e9l mantiene para siempre la misma apariencia del cuadro, la figura retratada envejece por \u00e9l. Su b\u00fasqueda del placer lo lleva a una serie de actos de lujuria; pero el retrato sirve como un recordatorio de los efectos de su alma, con cada pecado la figura se va desfigurando y envejeciendo.<\/p>\n<p>DETALLES DEL PRODUCTO:<\/p>\n<p>ISBS: 9789589983959<\/p>\n<p>C\u00f3digo: 0<\/p>\n<p>P\u00e1ginas: 250<\/p>\n<p>Tama\u00f1o: Formato: 13.5 x 21 cm, tapa r\u00fastica con plastificado brillante.<\/p>\n","protected":false},"excerpt":{"rendered":"<p>Basil Hallward es un artista que queda fuertemente impresionado por la belleza est\u00e9tica de un joven llamado Dorian Gray y comienza a admirarlo. Basil pinta un retrato del joven. Charlando en el jard\u00edn de Hallward, Dorian conoce a un amigo de Basil y empieza a cautivarse por la visi\u00f3n del mundo de Lord Henry. Exponiendo un nuevo tipo de hedonismo, Lord Henry indica que \u00ablo \u00fanico que vale la pena en la vida es la belleza, y la satisfacci\u00f3n de los sentidos\u00bb. Al darse cuenta de que un d\u00eda su belleza se desvanecer\u00e1, Dorian desea tener siempre la edad de cuando Basil le pint\u00f3 en el cuadro. Mientras \u00e9l mantiene para siempre la misma apariencia del cuadro, la figura retratada envejece por \u00e9l. Su b\u00fasqueda del placer lo lleva a una serie de actos de lujuria; pero el retrato sirve como un recordatorio de los efectos de su alma, con cada pecado la figura se va desfigurando y envejeciendo.<\/p>\n","protected":false},"featured_media":18736,"comment_status":"open","ping_status":"closed","template":"","meta":[],"product_brand":[],"product_cat":[18],"product_tag":[],"class_list":{"0":"post-17143","1":"product","2":"type-product","3":"status-publish","4":"has-post-thumbnail","6":"product_cat-sin-categorizar","8":"first","9":"instock","10":"shipping-taxable","11":"purchasable","12":"product-type-simple"},"jetpack_sharing_enabled":true,"_links":{"self":[{"href":"https:\/\/libreriaelprincipito.com\/index.php?rest_route=\/wp\/v2\/product\/17143","targetHints":{"allow":["GET"]}}],"collection":[{"href":"https:\/\/libreriaelprincipito.com\/index.php?rest_route=\/wp\/v2\/product"}],"about":[{"href":"https:\/\/libreriaelprincipito.com\/index.php?rest_route=\/wp\/v2\/types\/product"}],"replies":[{"embeddable":true,"href":"https:\/\/libreriaelprincipito.com\/index.php?rest_route=%2Fwp%2Fv2%2Fcomments&post=17143"}],"version-history":[{"count":1,"href":"https:\/\/libreriaelprincipito.com\/index.php?rest_route=\/wp\/v2\/product\/17143\/revisions"}],"predecessor-version":[{"id":17208,"href":"https:\/\/libreriaelprincipito.com\/index.php?rest_route=\/wp\/v2\/product\/17143\/revisions\/17208"}],"wp:featuredmedia":[{"embeddable":true,"href":"https:\/\/libreriaelprincipito.com\/index.php?rest_route=\/wp\/v2\/media\/18736"}],"wp:attachment":[{"href":"https:\/\/libreriaelprincipito.com\/index.php?rest_route=%2Fwp%2Fv2%2Fmedia&parent=17143"}],"wp:term":[{"taxonomy":"product_brand","embeddable":true,"href":"https:\/\/libreriaelprincipito.com\/index.php?rest_route=%2Fwp%2Fv2%2Fproduct_brand&post=17143"},{"taxonomy":"product_cat","embeddable":true,"href":"https:\/\/libreriaelprincipito.com\/index.php?rest_route=%2Fwp%2Fv2%2Fproduct_cat&post=17143"},{"taxonomy":"product_tag","embeddable":true,"href":"https:\/\/libreriaelprincipito.com\/index.php?rest_route=%2Fwp%2Fv2%2Fproduct_tag&post=17143"}],"curies":[{"name":"wp","href":"https:\/\/api.w.org\/{rel}","templated":true}]}}