{"id":17148,"date":"2026-02-06T04:40:07","date_gmt":"2026-02-06T04:40:07","guid":{"rendered":"https:\/\/libreriaelprincipito.com\/?post_type=product&#038;p=17148"},"modified":"2026-02-18T16:27:23","modified_gmt":"2026-02-18T16:27:23","slug":"en-las-montanas-de-la-locura","status":"publish","type":"product","link":"https:\/\/libreriaelprincipito.com\/?product=en-las-montanas-de-la-locura","title":{"rendered":"EN LAS MONTA\u00d1AS DE LA LOCURA"},"content":{"rendered":"<p>Aquella nube al fondo, tr\u00e9mula y medio luminosa, despertaba sugerencias indecibles, m\u00e1s que de un espacio terrestre de un m\u00e1s all\u00e1 vago y et\u00e9reo, y daba aterradoras advertencias de la naturaleza totalmente remota, apartada, desolada y muerta desde hac\u00eda muchos eones de ese mundo austral insondable y jam\u00e1s hollado.<\/p>\n<p>DETALLES DEL PRODUCTO:<\/p>\n<p>ISBS: 9789585505070<\/p>\n<p>C\u00f3digo: 0<\/p>\n<p>P\u00e1ginas: 228<\/p>\n<p>Tama\u00f1o: Formato: 13.5 x 21 cm, tapa r\u00fastica con plastificado brillante.<\/p>\n","protected":false},"excerpt":{"rendered":"<p>Aquella nube al fondo, tr\u00e9mula y medio luminosa, despertaba sugerencias indecibles, m\u00e1s que de un espacio terrestre de un m\u00e1s all\u00e1 vago y et\u00e9reo, y daba aterradoras advertencias de la naturaleza totalmente remota, apartada, desolada y muerta desde hac\u00eda muchos eones de ese mundo austral insondable y jam\u00e1s hollado.<\/p>\n","protected":false},"featured_media":18735,"comment_status":"open","ping_status":"closed","template":"","meta":[],"product_brand":[],"product_cat":[18],"product_tag":[],"class_list":{"0":"post-17148","1":"product","2":"type-product","3":"status-publish","4":"has-post-thumbnail","6":"product_cat-sin-categorizar","8":"first","9":"instock","10":"shipping-taxable","11":"purchasable","12":"product-type-simple"},"jetpack_sharing_enabled":true,"_links":{"self":[{"href":"https:\/\/libreriaelprincipito.com\/index.php?rest_route=\/wp\/v2\/product\/17148","targetHints":{"allow":["GET"]}}],"collection":[{"href":"https:\/\/libreriaelprincipito.com\/index.php?rest_route=\/wp\/v2\/product"}],"about":[{"href":"https:\/\/libreriaelprincipito.com\/index.php?rest_route=\/wp\/v2\/types\/product"}],"replies":[{"embeddable":true,"href":"https:\/\/libreriaelprincipito.com\/index.php?rest_route=%2Fwp%2Fv2%2Fcomments&post=17148"}],"version-history":[{"count":1,"href":"https:\/\/libreriaelprincipito.com\/index.php?rest_route=\/wp\/v2\/product\/17148\/revisions"}],"predecessor-version":[{"id":17218,"href":"https:\/\/libreriaelprincipito.com\/index.php?rest_route=\/wp\/v2\/product\/17148\/revisions\/17218"}],"wp:featuredmedia":[{"embeddable":true,"href":"https:\/\/libreriaelprincipito.com\/index.php?rest_route=\/wp\/v2\/media\/18735"}],"wp:attachment":[{"href":"https:\/\/libreriaelprincipito.com\/index.php?rest_route=%2Fwp%2Fv2%2Fmedia&parent=17148"}],"wp:term":[{"taxonomy":"product_brand","embeddable":true,"href":"https:\/\/libreriaelprincipito.com\/index.php?rest_route=%2Fwp%2Fv2%2Fproduct_brand&post=17148"},{"taxonomy":"product_cat","embeddable":true,"href":"https:\/\/libreriaelprincipito.com\/index.php?rest_route=%2Fwp%2Fv2%2Fproduct_cat&post=17148"},{"taxonomy":"product_tag","embeddable":true,"href":"https:\/\/libreriaelprincipito.com\/index.php?rest_route=%2Fwp%2Fv2%2Fproduct_tag&post=17148"}],"curies":[{"name":"wp","href":"https:\/\/api.w.org\/{rel}","templated":true}]}}