{"id":17319,"date":"2026-02-06T04:41:44","date_gmt":"2026-02-06T04:41:44","guid":{"rendered":"https:\/\/libreriaelprincipito.com\/?post_type=product&#038;p=17319"},"modified":"2026-02-18T20:21:40","modified_gmt":"2026-02-18T20:21:40","slug":"rebelion-en-la-granja","status":"publish","type":"product","link":"https:\/\/libreriaelprincipito.com\/?product=rebelion-en-la-granja","title":{"rendered":"REBELI\u00d3N EN LA GRANJA"},"content":{"rendered":"<p>Rebeli\u00f3n en la granja, es una f\u00e1bula sat\u00edrica escrita por George Orwell en 1945 acerca de una granja donde los animales toman el poder y forman su propio gobierno, que acabar\u00e1 convirti\u00e9ndose en una tiran\u00eda brutal. Se considera una cr\u00edtica velada a la Revoluci\u00f3n Rusa y a la corrupci\u00f3n del socialismo sovi\u00e9tico en los tiempos de Stalin. El tema principal de la obra es el abuso de poder, y c\u00f3mo este corrompe a los que lo poseen, llevando a la avaricia, la discriminaci\u00f3n y la traici\u00f3n. As\u00ed los cerdos de Rebeli\u00f3n en la granja usan su poder para manipular y enga\u00f1ar a los otros animales y afianzar su dominio sobre ellos. Rebeli\u00f3n en la granja supone tambi\u00e9n una fuerte cr\u00edtica al gobierno de la URSS y generalmente se considera una f\u00e1bula que describe los fallos del comunismo.<\/p>\n<p>DETALLES DEL PRODUCTO:<\/p>\n<p>ISBS: 0<\/p>\n<p>P\u00e1ginas: 174<\/p>\n<p>Tama\u00f1o: 14 x 21 cm<\/p>\n","protected":false},"excerpt":{"rendered":"<p>Rebeli\u00f3n en la granja, es una f\u00e1bula sat\u00edrica escrita por George Orwell en 1945 acerca de una granja donde los animales toman el poder y forman su propio gobierno, que acabar\u00e1 convirti\u00e9ndose en una tiran\u00eda brutal. Se considera una cr\u00edtica velada a la Revoluci\u00f3n Rusa y a la corrupci\u00f3n del socialismo sovi\u00e9tico en los tiempos de Stalin. El tema principal de la obra es el abuso de poder, y c\u00f3mo este corrompe a los que lo poseen, llevando a la avaricia, la discriminaci\u00f3n y la traici\u00f3n. As\u00ed los cerdos de Rebeli\u00f3n en la granja usan su poder para manipular y enga\u00f1ar a los otros animales y afianzar su dominio sobre ellos. Rebeli\u00f3n en la granja supone tambi\u00e9n una fuerte cr\u00edtica al gobierno de la URSS y generalmente se considera una f\u00e1bula que describe los fallos del comunismo.<\/p>\n","protected":false},"featured_media":18787,"comment_status":"open","ping_status":"closed","template":"","meta":[],"product_brand":[],"product_cat":[18],"product_tag":[],"class_list":{"0":"post-17319","1":"product","2":"type-product","3":"status-publish","4":"has-post-thumbnail","6":"product_cat-sin-categorizar","8":"first","9":"instock","10":"shipping-taxable","11":"purchasable","12":"product-type-simple"},"jetpack_sharing_enabled":true,"_links":{"self":[{"href":"https:\/\/libreriaelprincipito.com\/index.php?rest_route=\/wp\/v2\/product\/17319","targetHints":{"allow":["GET"]}}],"collection":[{"href":"https:\/\/libreriaelprincipito.com\/index.php?rest_route=\/wp\/v2\/product"}],"about":[{"href":"https:\/\/libreriaelprincipito.com\/index.php?rest_route=\/wp\/v2\/types\/product"}],"replies":[{"embeddable":true,"href":"https:\/\/libreriaelprincipito.com\/index.php?rest_route=%2Fwp%2Fv2%2Fcomments&post=17319"}],"version-history":[{"count":1,"href":"https:\/\/libreriaelprincipito.com\/index.php?rest_route=\/wp\/v2\/product\/17319\/revisions"}],"predecessor-version":[{"id":17369,"href":"https:\/\/libreriaelprincipito.com\/index.php?rest_route=\/wp\/v2\/product\/17319\/revisions\/17369"}],"wp:featuredmedia":[{"embeddable":true,"href":"https:\/\/libreriaelprincipito.com\/index.php?rest_route=\/wp\/v2\/media\/18787"}],"wp:attachment":[{"href":"https:\/\/libreriaelprincipito.com\/index.php?rest_route=%2Fwp%2Fv2%2Fmedia&parent=17319"}],"wp:term":[{"taxonomy":"product_brand","embeddable":true,"href":"https:\/\/libreriaelprincipito.com\/index.php?rest_route=%2Fwp%2Fv2%2Fproduct_brand&post=17319"},{"taxonomy":"product_cat","embeddable":true,"href":"https:\/\/libreriaelprincipito.com\/index.php?rest_route=%2Fwp%2Fv2%2Fproduct_cat&post=17319"},{"taxonomy":"product_tag","embeddable":true,"href":"https:\/\/libreriaelprincipito.com\/index.php?rest_route=%2Fwp%2Fv2%2Fproduct_tag&post=17319"}],"curies":[{"name":"wp","href":"https:\/\/api.w.org\/{rel}","templated":true}]}}