{"id":17591,"date":"2026-02-06T04:42:26","date_gmt":"2026-02-06T04:42:26","guid":{"rendered":"https:\/\/libreriaelprincipito.com\/?post_type=product&#038;p=17591"},"modified":"2026-02-18T21:43:50","modified_gmt":"2026-02-18T21:43:50","slug":"camille-festeja-su-compleanos","status":"publish","type":"product","link":"https:\/\/libreriaelprincipito.com\/?product=camille-festeja-su-compleanos","title":{"rendered":"Camille festeja su complea\u00f1os"},"content":{"rendered":"<p>\u00a1Es el cumplea\u00f1os de Camille y la diversi\u00f3n est\u00e1 asegurada!\u00a0\u00danete a Camille y sus amigos en una fiesta llena de juegos,risas y sorpresas.\u00a0Conoce a los simp\u00e1ticos personajes,\u00a0descubre la deliciosa torta de cumplea\u00f1os y \u00a1ay\u00fadalos a decorar el sal\u00f3n!\u00a0Este libro lleno de colores y alegr\u00eda es perfecto para compartir en familia y celebrar los cumplea\u00f1os.<\/p>\n<p>&nbsp;<\/p>\n<p>DETALLES DEL PRODUCTO:<\/p>\n<p>ISBS: 9789974886728<\/p>\n<p>C\u00f3digo: 401000019<\/p>\n<p>&nbsp;<\/p>\n","protected":false},"excerpt":{"rendered":"<p>\u00a1Feliz cumplea\u00f1os,\u00a0Camille!\u00a0Una fiesta llena de diversi\u00f3n para los m\u00e1s peque\u00f1os.<\/p>\n","protected":false},"featured_media":18848,"comment_status":"open","ping_status":"closed","template":"","meta":[],"product_brand":[],"product_cat":[74],"product_tag":[],"class_list":{"0":"post-17591","1":"product","2":"type-product","3":"status-publish","4":"has-post-thumbnail","6":"product_cat-infantil","8":"first","9":"instock","10":"shipping-taxable","11":"purchasable","12":"product-type-simple"},"jetpack_sharing_enabled":true,"_links":{"self":[{"href":"https:\/\/libreriaelprincipito.com\/index.php?rest_route=\/wp\/v2\/product\/17591","targetHints":{"allow":["GET"]}}],"collection":[{"href":"https:\/\/libreriaelprincipito.com\/index.php?rest_route=\/wp\/v2\/product"}],"about":[{"href":"https:\/\/libreriaelprincipito.com\/index.php?rest_route=\/wp\/v2\/types\/product"}],"replies":[{"embeddable":true,"href":"https:\/\/libreriaelprincipito.com\/index.php?rest_route=%2Fwp%2Fv2%2Fcomments&post=17591"}],"version-history":[{"count":1,"href":"https:\/\/libreriaelprincipito.com\/index.php?rest_route=\/wp\/v2\/product\/17591\/revisions"}],"predecessor-version":[{"id":17628,"href":"https:\/\/libreriaelprincipito.com\/index.php?rest_route=\/wp\/v2\/product\/17591\/revisions\/17628"}],"wp:featuredmedia":[{"embeddable":true,"href":"https:\/\/libreriaelprincipito.com\/index.php?rest_route=\/wp\/v2\/media\/18848"}],"wp:attachment":[{"href":"https:\/\/libreriaelprincipito.com\/index.php?rest_route=%2Fwp%2Fv2%2Fmedia&parent=17591"}],"wp:term":[{"taxonomy":"product_brand","embeddable":true,"href":"https:\/\/libreriaelprincipito.com\/index.php?rest_route=%2Fwp%2Fv2%2Fproduct_brand&post=17591"},{"taxonomy":"product_cat","embeddable":true,"href":"https:\/\/libreriaelprincipito.com\/index.php?rest_route=%2Fwp%2Fv2%2Fproduct_cat&post=17591"},{"taxonomy":"product_tag","embeddable":true,"href":"https:\/\/libreriaelprincipito.com\/index.php?rest_route=%2Fwp%2Fv2%2Fproduct_tag&post=17591"}],"curies":[{"name":"wp","href":"https:\/\/api.w.org\/{rel}","templated":true}]}}

Camille festeja su compleaños

<p>¡Es el cumpleaños de Camille y la diversión está asegurada! Únete a Camille y sus amigos en una fiesta llena de juegos,risas y sorpresas. Conoce a los simpáticos personajes, descubre la deliciosa torta de cumpleaños y ¡ayúdalos a decorar el salón! Este libro lleno de colores y alegría es perfecto para compartir en familia y celebrar los cumpleaños.</p>
<p>&nbsp;</p>
<p>DETALLES DEL PRODUCTO:</p>
<p>ISBS: 9789974886728</p>
<p>Código: 401000019</p>
<p>&nbsp;</p>

<p>¡Feliz cumpleaños, Camille! Una fiesta llena de diversión para los más pequeños.</p>
