{"id":17633,"date":"2026-02-06T04:42:31","date_gmt":"2026-02-06T04:42:31","guid":{"rendered":"https:\/\/libreriaelprincipito.com\/?post_type=product&#038;p=17633"},"modified":"2026-02-18T21:51:40","modified_gmt":"2026-02-18T21:51:40","slug":"camille-se-hizo-pis-encima","status":"publish","type":"product","link":"https:\/\/libreriaelprincipito.com\/?product=camille-se-hizo-pis-encima","title":{"rendered":"Camille se hizo pis encima"},"content":{"rendered":"<p>\u00a1A Camille le pas\u00f3 algo un poco vergonzoso!\u00a0Se hizo pis encima mientras jugaba.\u00a0\u00bfQu\u00e9 pasar\u00e1 despu\u00e9s?\u00a0Acomp\u00e1\u00f1alo en esta divertida aventura y descubre c\u00f3mo supera este peque\u00f1o accidente.\u00a0Con ilustraciones coloridas y una historia sencilla,\u00a0este libro ayudar\u00e1 a los m\u00e1s peque\u00f1os a entender que los accidentes pasan y que no hay nada de qu\u00e9 avergonzarse.<\/p>\n<p>&nbsp;<\/p>\n<p>DETALLES DEL PRODUCTO:<\/p>\n<p>ISBS: 9789974886636<\/p>\n<p>C\u00f3digo: 401000014<\/p>\n<p>&nbsp;<\/p>\n","protected":false},"excerpt":{"rendered":"<p>\u00a1Ups!\u00a0A Camille le pas\u00f3 un peque\u00f1o accidente.\u00a0Una historia divertida y tierna para los m\u00e1s peque\u00f1os.<\/p>\n","protected":false},"featured_media":18856,"comment_status":"open","ping_status":"closed","template":"","meta":[],"product_brand":[],"product_cat":[74],"product_tag":[],"class_list":{"0":"post-17633","1":"product","2":"type-product","3":"status-publish","4":"has-post-thumbnail","6":"product_cat-infantil","8":"first","9":"instock","10":"shipping-taxable","11":"purchasable","12":"product-type-simple"},"jetpack_sharing_enabled":true,"_links":{"self":[{"href":"https:\/\/libreriaelprincipito.com\/index.php?rest_route=\/wp\/v2\/product\/17633","targetHints":{"allow":["GET"]}}],"collection":[{"href":"https:\/\/libreriaelprincipito.com\/index.php?rest_route=\/wp\/v2\/product"}],"about":[{"href":"https:\/\/libreriaelprincipito.com\/index.php?rest_route=\/wp\/v2\/types\/product"}],"replies":[{"embeddable":true,"href":"https:\/\/libreriaelprincipito.com\/index.php?rest_route=%2Fwp%2Fv2%2Fcomments&post=17633"}],"version-history":[{"count":1,"href":"https:\/\/libreriaelprincipito.com\/index.php?rest_route=\/wp\/v2\/product\/17633\/revisions"}],"predecessor-version":[{"id":17668,"href":"https:\/\/libreriaelprincipito.com\/index.php?rest_route=\/wp\/v2\/product\/17633\/revisions\/17668"}],"wp:featuredmedia":[{"embeddable":true,"href":"https:\/\/libreriaelprincipito.com\/index.php?rest_route=\/wp\/v2\/media\/18856"}],"wp:attachment":[{"href":"https:\/\/libreriaelprincipito.com\/index.php?rest_route=%2Fwp%2Fv2%2Fmedia&parent=17633"}],"wp:term":[{"taxonomy":"product_brand","embeddable":true,"href":"https:\/\/libreriaelprincipito.com\/index.php?rest_route=%2Fwp%2Fv2%2Fproduct_brand&post=17633"},{"taxonomy":"product_cat","embeddable":true,"href":"https:\/\/libreriaelprincipito.com\/index.php?rest_route=%2Fwp%2Fv2%2Fproduct_cat&post=17633"},{"taxonomy":"product_tag","embeddable":true,"href":"https:\/\/libreriaelprincipito.com\/index.php?rest_route=%2Fwp%2Fv2%2Fproduct_tag&post=17633"}],"curies":[{"name":"wp","href":"https:\/\/api.w.org\/{rel}","templated":true}]}}